20082 + -11427. What is the tens digit of a?
5
Suppose -2*c - 521*t = -516*t - 13200, -2*t = -3*c + 19762. What is the tens digit of c?
9
Let j(s) = s**3 - 17*s**2 - 11*s - 52. Let b be j(18). Suppose 78*p - b*p - 1264 = 0. What is the hundreds digit of p?
3
Let w be ((-52)/6)/(114/(-139707)). Suppose -9*s + w = 4*s. What is the hundreds digit of s?
8
Let z = 129 - 129. Suppose 2*o + 5295 = 4*v - o, z = v - 2*o - 1325. What is the tens digit of v?
2
Suppose 5*c - 16149 = 2*p, 30*p - 26*p + 6450 = 2*c. What is the hundreds digit of c?
2
Suppose -6*z - 36 = -9*z. Suppose -15*r + 2724 = -z*r. What is the units digit of r?
8
Suppose 2*o = -c + 41364 + 12452, -o = -3*c + 161392. What is the hundreds digit of c?
8
Let x(i) = -11*i + 7. Suppose 5*s - 5*u + 136 = 16, s = 5*u - 40. What is the units digit of x(s)?
7
Let w = 162708 - 109046. What is the thousands digit of w?
3
Suppose -l + 5 = 4*l. Let a be 24/6 + 84 + l. Suppose 3*m + 4*y = a, -y = 4*m + m - 154. What is the units digit of m?
1
Let c(z) be the first derivative of -3*z**4/4 - z**3 - 5*z**2/2 - 5*z - 69. Let d(a) = -a - 1. Let b be d(2). What is the units digit of c(b)?
4
What is the units digit of (2 - (-218935)/(-10))/(-6*13/156)?
3
Let v(k) = 63*k**2 + 12*k + 5. Let y be v(-4). Let z = y - 549. What is the units digit of z?
6
Let k(j) = 828*j**2 - 1. Suppose 26*c + 11 = 37. What is the hundreds digit of k(c)?
8
Suppose 0 = 148*y - 139*y - 117. Suppose 6748 = y*u - 3067. What is the units digit of u?
5
Let m be 5 + (-3 + 4)/((-6)/18). Suppose -2*r - 5*i + 2161 = 0, m*r + 4*i - 5411 = -3*r. What is the units digit of r?
3
Suppose 25*l - 54 = 71. Suppose -x + 1742 = 3*x + d, 0 = l*x + 4*d - 2172. What is the hundreds digit of x?
4
Let m(w) = 43618*w**2 + 43*w + 59. What is the units digit of m(-1)?
4
Let g = 9114 + -4307. What is the tens digit of g?
0
Suppose -5*k = -9*k - 12. Let w be (0 - k)*1 + -1. What is the units digit of (-348)/(-4) + w/(-2)?
6
Let j = 31 + -30. Let l(o) be the second derivative of 7*o**5/10 - o**4/12 + o**2/2 + o. What is the tens digit of l(j)?
1
Let m(y) = -2*y**2 - 10*y + 12. Let x(q) = -q**2 - 11*q + 13. Let r(u) = -3*m(u) + 2*x(u). Let s be r(6). Suppose 63 = 5*k - s. What is the tens digit of k?
4
Let r(j) = j**3 + 16*j**2 + j + 20. Let h be r(-16). Suppose 0 = 5*c, 3*k - 7*k - h*c = -700. What is the units digit of k?
5
Let x(d) = -3*d**3 + 2*d**2 - 13*d + 4. What is the ten thousands digit of x(-18)?
1
Suppose 17*k - 34 = -0*k. Suppose k*v - 6*t = -2*t + 42, -3*v + 47 = 2*t. Suppose -16 = 16*s - v*s. What is the tens digit of s?
1
Let q be 5/((-140)/(-8)) + (-346)/(-14). Suppose -q = -3*r - s + 21, -r = -4*s - 24. Suppose -r*d - 668 = -20*d. What is the units digit of d?
7
Let y(p) = 105*p**3 + 19*p**2 + 7*p + 1. What is the tens digit of y(5)?
3
What is the hundreds digit of 1352/(-338) + 2*2326?
6
Let s(a) = -a**3 - 5*a**2 - a - 1. Let v be s(-5). Suppose 1530 = v*z + 6*z. What is the tens digit of 4/10 + 6/30*z?
3
Suppose -19*q + 1634 = -17*q. Suppose -h + 2*x - 3*x = -825, q = h + 5*x. What is the tens digit of h?
2
Let g be (-1)/((-2)/824) + 3. Suppose 3*d = g - 172. Suppose 3*f = 4*f - d. What is the tens digit of f?
8
Let t = 259 + -266. What is the tens digit of -8 - t - (0 + -513)?
1
Let f(b) = -23*b - 2. Let p be ((-2)/(-3))/((-74)/(-18) + -4). Suppose 0 = -p*c - 15 - 9. What is the units digit of f(c)?
0
What is the units digit of (-75472)/(-28) - (-1)/(-7)*(9 - 6)?
5
Suppose k + 0*k = 8*k. Suppose 5*b + 4*a - 789 = k, 3*b - 2*b - 5*a - 152 = 0. What is the units digit of b?
7
Let a be ((-364)/5)/((-3 - -4)/(-5)). Let g = a + -108. What is the tens digit of g?
5
Let s(d) = -1491*d - 6322. What is the thousands digit of s(-48)?
5
Let m = 44261 + -25917. What is the units digit of m?
4
Suppose 4*b + 738 = -522. Let i = b - -1225. What is the hundreds digit of i?
9
Let l(i) = -i**3 + 3*i**2 - 12*i + 480. What is the units digit of l(0)?
0
Let p be ((-24)/15 - -4)/(4/10). Suppose -1 = -2*c + 2*x + 1, -4*x = c - p. Let q = 64 - c. What is the tens digit of q?
6
Suppose -4*o - a - 8038 = -1721, -o - 3*a - 1571 = 0. Let t = o + 2355. What is the units digit of t?
5
Let m(v) = v**3 + 38*v**2 - 227*v + 5. What is the hundreds digit of m(-42)?
4
What is the tens digit of (8 + -22 + 3893)/1?
7
Let q(n) = -n**3 - 5*n**2 + 9*n + 1. Let y be q(-6). Suppose -z + 17*z = 240. Let j = z - y. What is the tens digit of j?
3
Let l(f) = 18*f - 44. Let s be (2 - -18)*(-18)/(-10). What is the hundreds digit of l(s)?
6
Suppose -15565 = -a + 2*g, -51*g + 53*g - 62190 = -4*a. What is the hundreds digit of a?
5
Let o be ((-5)/2 + 0)*(-504)/315. Suppose -3*h + 0*p = 5*p - 896, -p = o*h - 1206. What is the units digit of h?
2
Let n(i) = -1761*i + 84. What is the thousands digit of n(-7)?
2
Let c(t) = -46*t + 124. Suppose -12*z = -5*z + 49. What is the hundreds digit of c(z)?
4
What is the thousands digit of (-48)/30 + (-422265)/(-25)?
6
What is the ten thousands digit of (-107561)/(-58)*-12*2/(-3)?
1
What is the thousands digit of (-3455)/20*15/(165/(-484))?
7
Suppose 0 = -8*z + z + 182. Let b = z - 20. What is the tens digit of 184/(-12)*b/(-4)?
2
Suppose -173*o + 2528358 = 60*o + 26*o. What is the units digit of o?
2
Suppose 0 = r - 167 + 146. Suppose r*v + 1180 = 25*v. What is the units digit of v?
5
Suppose 8*k = -6 + 22. Suppose -2*x + 637 = -4*a - 501, k*a + 6 = 0. Suppose -6*w + 397 + x = 0. What is the hundreds digit of w?
1
What is the units digit of (-46)/((-1518)/297) - 4*2?
1
Let f(z) = -z**2 + 6*z - 7. Let m be f(4). Let h be (1 + (-28)/12)*(m + -217). Suppose -h = -4*v - 0*v. What is the units digit of v?
2
Let k be 1/(-2)*1 + 18905/398. Let j = k - -600. What is the hundreds digit of j?
6
Let z = -1481 + 2856. What is the thousands digit of z?
1
Let h be ((-4)/(-2))/((-1)/(3/6)). Let u be 9 + -9 - 5*h. Suppose -3*g - 1051 = -u*p, -5*g + 67 = 2*p - 341. What is the units digit of p?
9
Let w be (-42)/(-18)*4/((-4)/15). Let c be ((-30)/w)/(4/14). Suppose -x = -0*r - r - 195, 0 = -c*x + 5*r + 583. What is the tens digit of x?
9
Let b = 7088 - 5024. Let y = b + -1198. What is the hundreds digit of y?
8
Let v = -11682 + 19665. What is the tens digit of v?
8
Suppose 8*w = -2 + 42. Suppose w*r = -97 - 488. Let q = r + 190. What is the units digit of q?
3
Suppose 0 = 5*x + 3*l - 1820, 2*x + x - 1096 = -l. Let j = -207 + x. What is the units digit of j?
0
Let f(y) = 2625*y + 1213. What is the hundreds digit of f(2)?
4
Suppose -36915 = -3*r + 3*n, -68*n + 70*n = -r + 12296. What is the units digit of r?
2
Let j(g) = -3*g**2 + 391*g - 1910. Let n be j(5). Let v = 558 - 1830. What is the hundreds digit of (v/n)/((-6)/(-15))?
1
Suppose -5*x = -10*x + 16600. Suppose x = -150*z + 158*z. What is the hundreds digit of z?
4
Let x(f) = 38*f - 19. Let s be x(6). Suppose -451 - s = -6*i. Suppose -5*m + 959 = -c, -m = 2*c - 84 - i. What is the tens digit of m?
9
Suppose 31 = 14*y - 39. Suppose -y*k = -2032 + 392. What is the tens digit of k?
2
Suppose 0 = 5*g + t - 39477, -2*g = -22*t + 26*t - 15798. What is the hundreds digit of g?
8
Let o = 362 - 895. Let y = -362 - o. What is the units digit of y?
1
Suppose 4*b - 3*z + 248 = z, -b = -2*z + 63. Let i = b + 186. What is the units digit of i?
5
Let o = 87 + -55. Suppose -o = -2*t + 4*u, t + 2*t - 21 = -3*u. Suppose -5*s - t = -10*s. What is the units digit of s?
2
Suppose -19*s - 21*s = -120. What is the tens digit of 196/28 - -325*s?
8
Suppose -6*y + y = -5, 5*t - 5*y + 280 = 0. Let w = 45 + t. Let u(i) = -i**2 - 15*i - 20. What is the units digit of u(w)?
0
Suppose -5*g + 3*a + 3283 = 2*a, 2626 = 4*g - a. Let y = g + -246. What is the units digit of y?
1
Let v(u) = -u**3 + 7*u**2 + 18*u + 1. Let n be v(9). Suppose 5*b - 3*q = -27, -3 - n = -q. What is the tens digit of (b - (-15)/(-5))*62/(-4)?
9
Suppose -2852849 = -87*p - 1127204. What is the units digit of p?
5
Suppose -2058 = 4*y - 18846. What is the tens digit of y?
9
Suppose -20*k = -186528 + 48. What is the thousands digit of k?
9
Suppose -4 = a - 10. Suppose 772 = a*y - 5*y. What is the units digit of y?
2
Let t = 1135 - 300. What is the units digit of t?
5
Let h be (71 + 3)/(-1 - -3). Suppose 0 = -3*o - d + 392, h*o - 34*o + 5*d = 412. What is the hundreds digit of 